on divisor of s and 57.
3
Let i be (56/6)/((-4)/(-12)). Let c = -77 - -83. Let t be (1*-12 - 2)/((-2)/c). What is the greatest common factor of i and t?
14
Let u be (-14)/(-147) + (3/1 - 64431/(-189)). Calculate the greatest common divisor of u and 516.
172
Let w(a) = -a**3 + 7*a**2 + 6. Let l be w(5). Let v = -6671 + 6679. Calculate the greatest common factor of l and v.
8
Suppose -27*t - 8*t + 3444 = 6*t. What is the greatest common divisor of t and 11928?
84
Suppose -4*n - 2*s + 6 = -8*n, 0 = 6*n - 5*s + 19. Let j = 15 + -10. Suppose -j*d + 1 + 24 = 0. Calculate the highest common divisor of n and d.
1
Suppose k + 21*k - 152 - 2994 = 0. Calculate the greatest common factor of 234 and k.
13
Let s be (730/3)/(286/2574). Calculate the highest common divisor of 30 and s.
30
Let m(b) = 2*b**3 + 108*b**2 + 108*b + 107. Let c be m(-53). Let g(s) = -s**3 - 5*s**2 + 1. Let w be g(-5). Calculate the greatest common divisor of w and c.
1
Let q be (-3068)/(-24) + 36/216. What is the highest common divisor of 96 and q?
32
Suppose 35*w - 674 - 4198 = 13223. What is the highest common factor of w and 799?
47
Let d be (6/5)/(10/25). Suppose -g + d = 1. Let m be (g/3)/((-4)/(-2838)). What is the greatest common divisor of m and 43?
43
Let a = -356 + 364. Suppose -3*g + a*g + 2*f = 302, 5*f - 305 = -5*g. Calculate the greatest common factor of g and 75.
15
Suppose 5*u = 93 - 78. Suppose -u*s - 4*j = -8, 16 = 4*s + j - 12. Let b be 279/5 - 2/(-10). Calculate the highest common factor of b and s.
8
Let h = 119 + -106. Let i = 129 - -79. Calculate the greatest common divisor of i and h.
13
Let h(q) = -3*q - 29. Let b be h(-16). Suppose 2*v - 203 = -b*y + 14*y, 2*y - 476 = -5*v. Calculate the greatest common factor of 1222 and v.
94
Let u = -89 - -89. Let a(y) = y**2 + 5*y + 338. Let v be a(u). What is the greatest common divisor of v and 52?
26
Let j = -573 + 657. Suppose 6*s - 84 - j = 0. What is the highest common factor of 112 and s?
28
Suppose -5*b = 3*i - 97, 0*i - 66 = -2*i - 4*b. Let a = 143 - i. What is the greatest common factor of 285 and a?
57
Let m = -158 - -176. Let v be 2/(-6)*-4*m. Calculate the greatest common divisor of 8 and v.
8
Let n be ((-156)/(-7))/((-116)/(-15022)). What is the highest common divisor of 26 and n?
26
Let a = 23 + -18. Suppose a*f = -170 - 0. Let r = f + 174. What is the greatest common divisor of r and 28?
28
Let z = -15 + 30. Let w = -59 + 74. Calculate the highest common factor of w and z.
15
Suppose 4*h + 221 = 241. Let f(w) = 3*w**2 - 9*w + 21. Let x be f(h). What is the greatest common factor of 187 and x?
17
Let n = -13849 - -20573. Calculate the highest common divisor of 328 and n.
164
Let r be 39*3 - (4 - 3). Suppose -4*o = -8*u - 92, 183 = 5*o - 4*u + 50. What is the highest common factor of o and r?
29
Suppose -4*l + 10 = -2*a, 0*l = -4*l + 3*a + 11. Suppose -9*n + 10*n - 140 = -k, 0 = -4*n + l*k + 530. Calculate the greatest common factor of n and 27.
27
Let g be -9*7/126 - 1352/(-16). What is the greatest common divisor of 4764 and g?
12
Let w = 12 + 4. Suppose -4*t + 41 = t + 4*h, -3*t + 35 = 5*h. Suppose 57 + 36 = 4*q + p, -2*q + 63 = -t*p. Calculate the highest common divisor of w and q.
8
Suppose 306 = 4*r - 3*j, 0 = -2*r + 5*r + 4*j - 242. Let k = r + -36. What is the greatest common divisor of k and 336?
42
Let f = -3290 - -3342. Calculate the highest common divisor of 208 and f.
52
Suppose 3*z + 35460 = 5*p - 57355, -18545 = -p - 3*z. What is the highest common divisor of 870 and p?
290
Let c be (25 - 18)*9362/14. What is the greatest common factor of c and 93?
31
Let i be (((-31)/186)/((-1)/(-4)))/((-4)/402). Calculate the highest common factor of 9112 and i.
67
Suppose -4*k + 4*x - 3*x = -337, -254 = -3*k + 2*x. Let g(r) = r - 8. Let o be g(6). Let h be 3 + 6/o - -12. What is the highest common divisor of h and k?
12
Suppose 143 = 3*l - 2*q, 0 = -7*l + 9*l - 3*q - 102. What is the highest common factor of l and 205?
5
Let q be (400/24)/((-11)/(-16401)). Calculate the highest common factor of 25 and q.
25
Suppose -6*g + 5*g + q = -38, -26*g + q = -838. Calculate the highest common factor of g and 25504.
32
Let x = 9901 + -4231. What is the greatest common factor of 140 and x?
70
Let k = 185 - 110. Let s be (-3595)/(-30) + 2/12. What is the greatest common factor of k and s?
15
Let x be (-6)/(-10) + ((-32544)/40)/(-9). What is the highest common factor of 338 and x?
13
Let i be 114/27 + 4 + (-38)/9. Suppose -108 = -28*v + i. Suppose 0 = -5*r - 0*r + 300. What is the greatest common factor of v and r?
4
Let a be ((-40)/50)/((-6)/465). Let s = a - 6. Calculate the greatest common factor of s and 196.
28
Let n be (4/(-7))/((-138)/14490). What is the highest common factor of n and 590?
10
Suppose -4*q + 20 = 4*c, -q + 12 = -4*c + 6*c. Suppose -c*n = -24*n + 10880. Calculate the greatest common factor of n and 10.
10
Let r(i) = -i**3 - 9*i**2 - 8*i + 34. Let k be r(6). Let x = k - -1103. Calculate the highest common divisor of x and 122.
61
Let s be (-25)/15*11196/(-60). Suppose -3*p + s = 2*l - 210, 3*l - 765 = p. Calculate the greatest common factor of l and 16.
16
Let h(f) = -3*f**3 + f**2 - 2*f + 62. Let m be h(0). What is the highest common factor of m and 10?
2
Let c be 4*(13/52 + (1 - 1)). Let g be 34 + 5/1 - c. What is the greatest common divisor of 1102 and g?
38
Suppose -4*n = -32*n - 280. Let a be (-554)/n - 1*(-4)/(-10). Calculate the highest common divisor of a and 88.
11
Suppose 3*x + 0*x = 54. Let g be 2 - (-3)/6*-2. Let u be (g - 0)/(-4) + (-181)/(-4). Calculate the highest common divisor of x and u.
9
Let l = 5885 - 5745. Suppose 6*f = f + 170. Suppose 5*j - 46 = -4*n - 0*j, -3*j = -2*n + f. What is the highest common divisor of l and n?
14
Let h(p) = -29*p**2 + 33 + 148*p - p**3 - 148*p. Let a be ((-783)/(-81))/((-3)/9). Let s be h(a). Calculate the greatest common divisor of 22 and s.
11
Let k be (-128)/((-13 - -20)/(-14)). What is the greatest common divisor of 368 and k?
16
Suppose 5*g - 9*b = -8*b + 6, -2 = -3*g + b. Suppose -5*p + 5 + 1 = -g*l, 0 = 3*l - 5*p - 1. Calculate the highest common factor of l and 119.
7
Let w be (-4)/(-5)*(5733 - -62). What is the greatest common factor of w and 76?
76
Let p(k) = 3501*k**2 - 56*k - 57. Let o be p(-1). What is the greatest common divisor of 56 and o?
28
Let x be (2/(-3))/(2/(-3))*57. Suppose x*s = 52*s + 950. Suppose -s = -y + 5*w, 3*w = 2*w + 2. What is the highest common divisor of 25 and y?
25
Suppose -1493 = 16*w - 1509. Suppose 3*h + 0*g + g = 96, -5*h - 5*g = -170. Calculate the greatest common factor of h and w.
1
Suppose -25 = 5*s, 3*s = 5*l + 5*s - 110. Suppose -2*g + 3*v + 6 = -g, -5*g + 68 = 4*v. Let w be -1*(8 + -2) + g. What is the highest common divisor of l and w?
6
Let y be (-3224)/(-5) - (-19)/(-95)*-1. Calculate the highest common divisor of 60 and y.
15
Let j(b) = -4*b**2 - 84*b - 80. Let s be j(-19). Suppose 124 = 5*h + 2*i + 2*i, -4*h - 5*i + 101 = 0. What is the highest common factor of s and h?
24
Let t = 2065 + -2007. Calculate the greatest common factor of t and 20.
2
Let d(v) = 140*v**3 - 4*v**2 + 41*v - 38. Let c be d(1). What is the highest common divisor of 13483 and c?
139
Let p = 24 - 17. Let d(v) be the second derivative of v**5/20 - v**4/2 - v**3/2 + v**2 - 914*v. Let w be d(p). What is the greatest common divisor of w and 20?
10
Let a = 3442 - 3418. What is the highest common divisor of a and 110?
2
Let g be (-1078)/3*48/(-32) - -1. Calculate the highest common factor of 702 and g.
54
Let g = 7071 + -4992. Calculate the highest common factor of g and 22.
11
Let l = 313 - 40. What is the highest common factor of l and 294?
21
Let j be (24/(-11) - -2) + 237/33. Suppose 28 + 56 = -j*k. Let d be ((-24)/9 - -2) + (-3284)/k. What is the highest common divisor of d and 39?
39
Suppose -4*o + 11 = -1. Suppose o*l - 2*l = 5*n - 5, 19 = l + n. Let k be -5 + 7 - (1 - 14). What is the greatest common factor of l and k?
15
Suppose 979 = 2*o - 4*l + 321, 649 = 2*o - l. Suppose 87 + 641 = 59*u - 393. What is the greatest common factor of u and o?
19
Let z be (-11 - -1)*-1*2. Suppose -z = -2*w + 2. Let g(b) = -474*b - 849. Let f be g(-2). Calculate the greatest common divisor of f and w.
11
Suppose 0 = 4*c + 97*s - 93*s -